+ 4. Let s(f) = 4*b(f) + 11*p(f). Give s(3).
3
Let o = 91 + -91. Suppose o = -5*r - 3*n + 25, -2*r - 2*n - 6 + 16 = 0. Let d(h) = -h**3 + 6*h**2 - 5*h - 4. Determine d(r).
-4
Let r(a) = -6*a**2 + a - 4. Let g(m) = 23*m**2 - 5*m + 18. Let o(n) = 2*g(n) + 9*r(n). What is o(1)?
-9
Let k(q) = -q**3 - 12*q**2 - q - 4. Let c be k(-12). Suppose 2*l - p = -2*l - 20, -l + p = c. Let z be 2/l*2 - -2. Let t(h) = 4*h - 1. What is t(z)?
3
Suppose -84 = 8*v - v. Let x(g) = g**3 + 13*g**2 + 14*g + 11. Calculate x(v).
-13
Let m(k) be the second derivative of 11*k**3/3 - k**2 - 5*k - 85. Determine m(1).
20
Let r(q) = 1949*q + 2 - 1954*q + 2*q**2 - 5. Let x(i) = -6*i**2 + 16*i + 10. Let c(f) = -16*r(f) - 5*x(f). Calculate c(2).
-10
Let o(h) = -h**3 - 5*h**2 - 4*h - 4. Let v = 386 + -268. Let d = v + -122. Calculate o(d).
-4
Let d(c) = -c**3 - 6*c**2 - 2*c + 2. Let n(p) = -p**2 - 16*p - 6. Let x(b) = -5*b**2 - 81*b - 30. Let u(q) = 11*n(q) - 2*x(q). Let v be u(-14). Give d(v).
14
Let g be 48/(-552) - 2/(-46)*71. Let v(z) = z**2 + 4*z - 4. Let l(m) = -2*m**2 - 7*m + 8. Let j(i) = 3*l(i) + 5*v(i). Calculate j(g).
-8
Let i(q) = q**2 + 10*q + 1. Let n(s) = -s**2 - 9*s - 2. Let k(p) = -2*i(p) - 3*n(p). Let c be (-3)/(-4) - 45/12. Let y be 14/c - 1/3. Determine k(y).
-6
Let c(i) = -2*i**2 + 8*i + 5. Let q = 1 + 18. Let h(k) = k**2 - 21*k + 44. Let t be h(q). Calculate c(t).
-19
Let a(j) = -j**3 - 5*j**2 + 4*j + 3. Let v = -41 + 8. Let p = -39 - v. Determine a(p).
15
Let n(v) = v**3 - 11*v**2 - 11*v + 7. Let x(z) = -z**3 + 16*z**2 - z + 28. Let i be x(16). What is n(i)?
19
Suppose 2*q - 37*f - 12 = -33*f, -2*q = -2*f - 4. Let g(k) = 5*k + 1. Calculate g(q).
-9
Let b(g) be the first derivative of -g**4/4 + 5*g**3/3 - 5*g**2/2 + 7*g + 372. Give b(3).
10
Let r(g) = 3*g + 1. Let u(t) = -8*t**2 - 3*t - 7. Let d be u(3). Let j be 1*(-2)/3*36. Let v be 1/(-3) - d/j. Give r(v).
-11
Let f(y) = 27 + 142*y - 65*y - 35 + 25 - 66*y + y**2. Calculate f(-10).
7
Suppose 5*f - 5 = -4*u, 6*f - 2*f - 20 = 0. Let n = u + 8. Let i(v) = -3 + 3*v + 3*v - v - v**2 - n*v. Calculate i(2).
-3
Let i(d) be the first derivative of -2*d - 1/3*d**3 - 5/2*d**2 + 23. Determine i(-3).
4
Suppose 0 = 42*l - 30 + 156. Let a(i) = -4*i - 24. What is a(l)?
-12
Let w(s) = s**2 - 10. Suppose 4*f - 32 = 56. Let t = f + -22. What is w(t)?
-10
Suppose 6*q = 19 - 25. Let i(h) = 4*h**3 + 5*h**2 - 3*h + 2. Let x(k) = -2*k**3 - 2*k**2 + k - 1. Let t(j) = 2*i(j) + 5*x(j). What is t(q)?
2
Let y(s) = -s + 1. Let g be y(3). Let v(h) = 9*h - 2*h + 2 + 2*h - 6*h - 4*h. Determine v(g).
4
Let i(r) = 2*r - 19. Suppose 4*g - 36 - 28 = 0. Give i(g).
13
Let q(c) = -10*c + 1. Suppose 5*l = 25, 4*k - l - 28 = -5*l. Suppose -k*z = z - 12. Suppose -5 = p - z. Give q(p).
11
Let l(o) = -3*o - 12. Let p = -132 + 120. Let n be (0 + p)/2 + 5 + -7. Calculate l(n).
12
Let h(l) = -3*l + 4*l**3 - 3356 - 4*l**2 - 5*l**3 + 3359. Calculate h(-3).
3
Let n(m) = 5 + 8*m - 14*m - 2*m**2 + 0 + m**2. What is n(-7)?
-2
Let r = -86 - -76. Let v(k) = -k - 10. Determine v(r).
0
Let x(g) = 10*g**2 + 2*g - 1. Suppose 5*j = p - 4, 4*p + 2*j = -3*j + 16. Suppose 6 = 4*m + r, 4*r + 1 - p = 5*m. Determine x(m).
11
Let s(b) = -b**2 - 31. Suppose 0 = -88*u + 113*u. What is s(u)?
-31
Suppose 39*g = 44*g. Let z(c) be the first derivative of -5 + g*c + 3/2*c**2. Calculate z(1).
3
Let x(j) = j**3 - 7*j**2 - 8*j + 4. Let s(a) = -4*a + 100. Let d be s(23). Calculate x(d).
4
Let m(c) be the second derivative of c**3/6 + c**2 - c. Let q = -1416 - -1422. What is m(q)?
8
Let c(n) = 6*n. Let a(j) = 9*j + 1. Let k(t) = -3*a(t) + 4*c(t). Determine k(4).
-15
Let g(m) = 11*m - 31*m + 7 + 19 + 18*m. What is g(12)?
2
Let o = -3 - -8. Let b(c) = -c**3 + 2*c**2 - 5*c + 5. Let n(z) = 2*z**3 - 3*z**2 + 11*z - 10. Let i(t) = -7*b(t) - 3*n(t). Determine i(o).
5
Suppose 0 = 6*u + 7 - 79. Suppose 0 = 3*d + 2*o + 5, -d - d + 3*o - u = 0. Let j(w) = 3*w + 0*w - w. Determine j(d).
-6
Let v(k) = k**3 + 3*k**2 + k + 1. Suppose 21 = 5*n + 161. Let z = n - -25. Calculate v(z).
-2
Let z(l) be the third derivative of -l**4/8 - l**3/6 - 115*l**2. Calculate z(1).
-4
Let y be 14 + ((-2)/((-6)/(-15)) - -3). Suppose y = -5*u - u. Let z(v) = 3*v + 1. Give z(u).
-5
Let i be 63/(-15) - (-6)/30. Let k = 19 - -505. Let g(r) = 4*r + 530 + 2*r**2 - k - r**2. Give g(i).
6
Let u be 7 + -10 + 10/2. Let p(f) = -5*f**3 + f**2 + 2*f. What is p(u)?
-32
Suppose 15*s - d - 17 = 11*s, -s - d + 3 = 0. Let t(x) = -3*x - 5. Calculate t(s).
-17
Let g = 418 - 409. Let b(s) = s**2 - 10*s + 13. Determine b(g).
4
Let t(z) = 3*z**2 - z - 4. Let f(d) = d**3 + 2*d**2 + 12*d + 43. Let a be f(-3). Give t(a).
10
Let o(c) = 2*c + 16. Let h be (1*-6 - 1)/(-5 - -6). Determine o(h).
2
Let u = -25 - -23. Let i(o) be the second derivative of o**5/20 + o**4/6 + o**3/3 - o**2 - 2*o. Determine i(u).
-6
Let u(r) = -2*r + 5. Suppose -y - y = 2*z, 0 = 2*y + 6. Give u(z).
-1
Let d(q) be the second derivative of -q**3/6 - 7*q**2/2 + q + 101. What is d(-13)?
6
Let i(h) = -9*h**2 - 8*h - 5. Let t(c) = -5*c**2 - 4*c - 2. Let m(s) = -4*i(s) + 7*t(s). Let u(k) = 5*k + 1. Suppose 3*x = 3 - 6. Let g be u(x). Calculate m(g).
6
Let y(a) = -2*a + 5. Let o = 10 + -8. Let n(f) = f + 5. Let l be n(-6). Let h be l/(22/(-10) + o). Calculate y(h).
-5
Let k(t) = -20*t**2 + 11*t**2 - 4*t - 1 + 3*t**3 + 12*t**2 - 4*t**3. Give k(3).
-13
Let n be -6 + (2 - -1 - -1). Let h(z) = -z**2 - 2 + 6*z**2 + 5 + 2*z. Determine h(n).
19
Let i = 503 + -500. Let t(r) be the second derivative of 1/3*r**i + 5*r + 0 - 1/2*r**2. What is t(4)?
7
Let s(l) = -l**2 + 6*l - 5. Let g be s(6). Let f(x) = -x**3 - 4*x**2 + 5*x - 2. Give f(g).
-2
Let l(w) = w**3 + 8*w**2 - 2*w - 5. Let d(p) = p**3 + 9*p**2 - 3*p - 6. Let q(o) = 4*d(o) - 5*l(o). Calculate q(-3).
-2
Suppose -7 + 19 = 12*l. Let a(b) = -12*b**2 + b. Determine a(l).
-11
Let t(y) = 2*y + 4. Let o be t(-5). Let h be ((-8)/(-32))/((-1)/(-12)). Let z(w) = 2*w - 1 + h*w - w**2 - 11*w. Give z(o).
-1
Let c be (2 + -1)*(-10 - -1). Let a(w) = -2*w - 28. Let i(k) = -k - 14. Let p(h) = -2*h**2 - 8*h + 7. Let v be p(1). Let n(q) = v*a(q) + 7*i(q). Give n(c).
-5
Let y(k) = -14*k**2 + 26*k - 10. Let g(j) = 8*j**2 - 13*j + 5. Let h(x) = -5*g(x) - 3*y(x). What is h(6)?
-1
Let v(p) = -2*p**3 - 2*p**2 - 3*p + 3. Suppose 15*j - 20 = -50. Calculate v(j).
17
Let h(x) = -2*x**2 - 3*x + 45. Let p be h(4). Let z(t) = 2*t**3 + t**2 + 2*t - 2. Give z(p).
3
Let i(u) = 26*u - 36. Let g(c) = 49*c - 71. Let n(d) = 6*g(d) - 11*i(d). Give n(5).
10
Let o(l) = l**3 - 2*l. Let h(u) = u**2 - 6*u - 2. Let k be h(6). Let w be o(k). Let d(v) = -7*v - 2 + 2*v - 430*v**2 + 429*v**2. Give d(w).
2
Let d(q) = 46*q + 3. Let h(f) = -6*f - 1. Let s(c) = -d(c) - 6*h(c). What is s(2)?
-17
Suppose 0 = -2*m + 193 - 197. Let o(b) = b**3 + b**2 - 1. Give o(m).
-5
Let i(s) = -2*s**2 + s - s**3 - 55 - 52 + 109. Suppose -3*j - 5*o - 29 = 0, j - 3*j + o - 2 = 0. Calculate i(j).
8
Let f = 655 + -652. Let o(l) be the first derivative of l - 9 + 1/3*l**f - l**2 - 5/4*l**4. Calculate o(1).
-5
Let v be 6/(0 + 6/4). Let i(k) = 4*k + 0*k + 3 + k - 2. Let h(w) = 4*w + 2. Let l(p) = v*h(p) - 3*i(p). What is l(0)?
5
Let p(x) be the second derivative of -x**3/6 + 4*x**2 - 2*x. Let r = 18 - 9. Let v be 1/((-3)/r) - -9. Calculate p(v).
2
Let j be (13 + -5)*10/(-8). Let d(b) = -2*b - 13. Determine d(j).
7
Suppose q + 2 = 1. Let k(u) = u**3 - u**2. Let p(h) = -2*h**2 + 3*h - 4. Let y(v) = q*p(v) + k(v). Let f(b) = 2*b + 41. Let c be f(-22). Determine y(c).
-5
Let q(f) be the second derivative of 1/6*f**3 - f**2 + 27*f + 0. What is q(3)?
1
Suppose 9*n - 45 = -27. Let o(f) = f - 181*f**2 + 180*f**n + 4*f - 4. Calculate o(5).
-4
Suppose -10 + 2 = -4*o - 4*c, -2*c = -4*o + 26. Suppose -d + 2*d = o. Suppose -4*h = 7 + d. Let w(x) = x**3 + 3*x**2 + 2*x + 4. Give w(h).
-2
Let l(z) = -z**3 + 2*z**2 + 3*z - 8*z**2 - 4*z - 5*z. Let x be (-7 - -8)/((-2)/10). What is l(x)?
5
Let o(g) = 33*g + 234. Let j be o(-7). Let r(f) be the first derivative of f**3/3 - 3*f - 6. Give r(j).
6
Let m be (4 + -1)*3/((-36)/(-16)). Suppose 9*a + g + 6 = m*a, -4*g = -5*a - 26. Let u(c) = 2*c - 1. Determine u(a).
-5
Let p(r) be the second derivative of r**3/6 + 5*r**2/2 - 2*r - 3. Determine p(-4).
1
Let a(w) = -2*w + w**2 - 10*w*